2. Calculate d(-4).
6
Let f(m) = -m**3 - 2*m**2 - m + 3. Determine f(-3).
15
Let z(x) = -16*x**3 + 3*x - 2. Give z(1).
-15
Let x(p) = -p**3 - 2*p**2 + 5*p - 4. Give x(2).
-10
Let f(t) = t**2 + 4*t - 5. Calculate f(-7).
16
Let p(q) = -q**3 - 2*q**2 + 6*q + 9. Give p(4).
-63
Let o(f) = 3*f**2 - 4*f + 5. Calculate o(1).
4
Let y(p) = -4*p + 14. Determine y(4).
-2
Let x(v) = v**2 - 8*v - 27. What is x(10)?
-7
Let p(k) = -k**3 - 3*k**2 + 2*k - 1. Determine p(1).
-3
Let s(j) = -j - 12. Calculate s(-9).
-3
Let n(m) = -m**3 + 14*m**2 + 16*m + 9. What is n(15)?
24
Let h(v) = v**3 + 11*v**2 + 8*v - 15. What is h(-10)?
5
Let x(u) = u + 10. What is x(7)?
17
Let u(f) = -6*f + 47. Determine u(11).
-19
Let y(q) = -q**3 + 33*q**2 - 35*q + 37. What is y(32)?
-59
Let k(s) = s**2 - 2*s + 82. Calculate k(0).
82
Let m(i) = i**2 + 13*i - 16. Give m(-12).
-28
Let c(p) = p**2 + 7. Give c(6).
43
Let b(l) = l**3 + 7*l**2 - l - 6. Give b(-6).
36
Let j(v) = 8*v**2 + 472*v - 18. What is j(-59)?
-18
Let v(l) = -8*l + 5. Calculate v(2).
-11
Let t(s) = 2*s - 24. Give t(6).
-12
Let v(d) = -d**3 + 3*d**2 - 4*d + 6. Determine v(4).
-26
Let a(p) = -49*p - 41. Determine a(-5).
204
Let a(l) = -5*l - 8. What is a(11)?
-63
Let x(m) = m**3 + 6*m**2 + 6*m + 5. Determine x(-5).
0
Let w(l) = l**3 + 13*l**2 - 68*l + 5. Calculate w(-17).
5
Let v(n) = -2*n - 8. Calculate v(-4).
0
Let m(r) = 2*r**2 - 2*r + 1. Determine m(2).
5
Let m(t) = -2*t + 112. Determine m(58).
-4
Let c(p) = p**3 + 9*p**2 + 12*p - 5. What is c(-7)?
9
Let g(y) = 4*y**2 + 43*y + 118. Determine g(-6).
4
Let t(q) = -q**2 - 2*q + 7. Give t(5).
-28
Let n(u) = 39*u - 367. Calculate n(9).
-16
Let i(y) = 2*y**2 + 26*y + 75. Give i(-10).
15
Let i(p) = p**3 - 6*p**2 + 43*p - 178. Give i(5).
12
Let x(s) = -9*s + 44. Give x(4).
8
Let v(u) = -u**3 - 48*u**2 + 8. Give v(-48).
8
Let j(s) = 15*s**3 - 2*s + 3. What is j(1)?
16
Let r(f) = f**2 - 12*f - 16. Determine r(5).
-51
Let k(u) = u**2 + u - 14. Determine k(4).
6
Let s(w) = 4*w**2 - 15*w. Give s(5).
25
Let g(n) = n**3 + 9*n**2 + 6*n + 8. What is g(-8)?
24
Let l(a) = -2*a**3 - 3*a**2 + 5*a + 2. Calculate l(-3).
14
Let u(j) = -7*j + 3. Calculate u(5).
-32
Let x(g) = -7*g - 8. Calculate x(4).
-36
Let j(r) = -r**3 - 4*r**2 + 21*r + 31. Give j(-6).
-23
Let r(c) = -c**3 - 10*c**2 - 4. What is r(-10)?
-4
Let u(z) = -z**3 + 40*z**2 - 75*z - 32. Calculate u(38).
6
Let u(t) = -43*t + 2. Determine u(-1).
45
Let r(a) = 6*a - 50. Calculate r(8).
-2
Let t(r) = -r**2 - r + 27. Give t(0).
27
Let x(g) = -12*g - 16. What is x(8)?
-112
Let m(k) = 2*k**3 + 4*k**2 + 3*k. Determine m(-2).
-6
Let w(c) = c**2 - 6*c - 69. Determine w(-6).
3
Let p(b) = 5*b**2 - 21*b - 21. Determine p(-1).
5
Let r(v) = -96*v**3 - v**2 - v - 1. What is r(-1)?
95
Let d(w) = w**3 + 35*w**2 + 64*w - 61. Determine d(-33).
5
Let h(y) = -y**3 + 5*y**2 + 55*y - 6. Determine h(11).
-127
Let f(v) = -89*v - 524. Calculate f(-6).
10
Let j(o) = -o**2 - 4*o - 5. Calculate j(3).
-26
Let s(c) = -93*c - 652. What is s(-7)?
-1
Let o(t) = 2*t + 3. Determine o(-9).
-15
Let b(k) = -2*k**3 + 4*k**2 + 18*k - 3. Give b(5).
-63
Let b(j) = -3*j**3 + j**2 - 3. Calculate b(-2).
25
Let w(f) = -4*f - 27. Calculate w(-1).
-23
Let d(s) = s + 49. Calculate d(-16).
33
Let a(u) = 3*u**2 + 18*u - 15. Give a(-7).
6
Let n(b) = -b**2 - 5*b + 3. Calculate n(-6).
-3
Let a(g) = -4*g - 2. Give a(-3).
10
Let y(z) = z**3 + 11*z**2 - z - 10. Determine y(-11).
1
Let l(q) = -q**3 - 12*q**2 - 2*q - 29. Determine l(-12).
-5
Let f(c) = c**2 - 14*c + 19. Determine f(13).
6
Let u(k) = 6*k + 43. What is u(-10)?
-17
Let j(h) = -h**2 + 10*h + 18. Determine j(11).
7
Let c(z) = 4*z**3 + 2*z**2 - z - 1. What is c(1)?
4
Let s(k) = -91*k + 995. Give s(11).
-6
Let r(n) = -n + 16. What is r(7)?
9
Let u(z) = -2*z**3 + 14*z**2 + 21*z - 12. Give u(8).
28
Let t(v) = -v**2 + 8*v - 3. Calculate t(7).
4
Let g(t) = t**2 + 2*t + 3. What is g(-4)?
11
Let y(o) = -o**3 - 6*o**2 + 6*o - 18. What is y(-8)?
62
Let a(u) = 12*u + 81. Calculate a(-6).
9
Let y(b) = -b**3 + 41*b**2 + 43*b - 45. Give y(42).
-3
Let g(d) = -d**3 - 3*d**2 + 2*d + 6. Give g(-4).
14
Let q(f) = -f**3 - 17*f**2 - 25*f + 80. Determine q(-15).
5
Let x(y) = -y**3 - 3*y**2 + 5*y - 8. What is x(-4)?
-12
Let f(a) = 2*a**2 + 28. What is f(0)?
28
Let r(t) = -14*t + 3. Calculate r(-2).
31
Let v(i) = 7*i - 3. Determine v(-1).
-10
Let s(a) = a**2 + a + 3. Determine s(-2).
5
Let a(v) = 2*v + 32. Determine a(-10).
12
Let q(s) = -s**2 + s + 27. Determine q(6).
-3
Let b(g) = 82*g - 1. Calculate b(-1).
-83
Let y(h) = h**3 - 12*h**2 - 3*h + 6. Give y(12).
-30
Let b(p) = p**3 + 4*p**2 - 3*p - 5. Determine b(-4).
7
Let q(s) = s**3 - 10*s**2 + 11*s - 16. Calculate q(8).
-56
Let s(y) = -8*y**2 + 9*y - 2. What is s(1)?
-1
Let p(b) = b**2 - 7*b + 13. Calculate p(5).
3
Let r(z) = -z**3 + 10*z**2 + 17*z - 37. Give r(11).
29
Let j(h) = 2*h**2 - 49*h + 27. Calculate j(24).
3
Let b(v) = v**3 + 14*v**2 + 11*v - 31. Determine b(-13).
-5
Let r(t) = t**2 + 4*t + 7. Calculate r(-4).
7
Let j(l) = 2*l**2 - 34*l - 11. What is j(17)?
-11
Let v(i) = -i**2 - 7*i + 11. What is v(2)?
-7
Let r(v) = -12*v**2 - 7*v - 8. Give r(-1).
-13
Let l(k) = k**2 + 10*k - 32. Determine l(3).
7
Let s(t) = 5*t**3 + t**2 - 2*t - 1. Calculate s(1).
3
Let v(g) = g**3 - 16*g**2 + 39*g + 4. What is v(13)?
4
Let p(d) = -4*d**2 + 9*d - 43. Give p(6).
-133
Let v(y) = y**3 + 18*y**2 + 68*y + 29. What is v(-13)?
-10
Let o(z) = 2*z - 33. Calculate o(19).
5
Let d(i) = -3*i**2 - 14*i. Calculate d(-4).
8
Let p(l) = -16*l + 677. What is p(42)?
5
Let d(r) = -3*r - 15. Calculate d(-6).
3
Let r(d) = d**3 - 2*d**2. Determine r(3).
9
Let k(r) = -r**3 - 6*r**2 - 6*r + 5. What is k(-3)?
-4
Let w(v) = -v**2 - 5*v - 5. What is w(-4)?
-1
Let q(j) = j**2 + 36*j + 152. Determine q(-31).
-3
Let h(c) = c**3 + 3*c**2 - 3*c - 7. Give h(-3).
2
Let t(a) = -a**3 + 3*a**2 + 4*a - 10. Calculate t(3).
2
Let u(g) = 7*g - 10. Determine u(3).
11
Let w(g) = -g**3 - 21*g**2 - 2*g - 24. Give w(-21).
18
Let i(b) = -b - 4. Determine i(0).
-4
Let t(f) = -2*f**2 + 10*f + 1. Calculate t(6).
-11
Let i(o) = 2*o**2 - 11*o. What is i(0)?
0
Let y(t) = -4*t**2 + 2*t - 2. Determine y(-2).
-22
Let u(y) = -8*y - 15. Calculate u(8).
-79
Let k(i) = 3*i**2 + 36*i + 56. Give k(-11).
23
Let o(v) = -12*v - 5. Determine o(-3).
31
Let u(t) = -t**2 + 6*t. Determine u(5).
5
Let v(g) = -2*g**2 + 11*g + 15. What is v(7)?
-6
Let n(i) = -24*i**3 + 2*i**2 + i - 2. Give n(1).
-23
Let c(q) = -30*q + 390. Determine c(13).
0
Let x(r) = -r**3 + 8*r**2 - 2*r - 38. Determine x(7).
-3
Let t(n) = -n**3 + 7*n**2 + 10*n + 4. What is t(8)?
20
Let v(u) = -u**2 + 16*u - 6. Calculate v(16).
-6
Let z(q) = q**3 + 11*q**2 + q + 4. Give z(-11).
-7
Let q(k) = 2*k**2 + 4*k - 6. Calculate q(2).
10
Let y(p) = -87*p + 874. Calculate y(10).
4
Let l(p) = p**3 - 5*p**2 + 2*p + 2. Determine l(2).
-6
Let l(i) = i**3 - 25*i**2 + 2*i - 65. Determine l(25).
-15
Let l(i) = i**2 - 5*i + 8. Calculate l(4).
4
Let u(c) = c**3 + 39*c**2 + 41*c + 119. What is u(-38)?
5
Let q(a) = a - 26. Give q(-12).
-38
Let r(z) = -z**2 - 25*z - 3. Give r(-27).
-57
Let q(x) = x**3 + 19. Give q(4).
83
Let z(g) = g**3 - 4*g**2 - 2*g + 3. Give z(2).
-9
Let t(b) = -b**2 + 14*b - 17. Calculate t(13).
-4
Let y(g) = 4*g**3 + g. Give y(1).
5
Let w(f) = -34*f**3 - 2*f**2 + 1. Give w(1).
-35
Let i(g) = -g**3 - 3*g**2 - g - 3. What is i(-3)?
0
Let k(h) = h**3 - 5*h**2 + 4. Determine k(5).
4
Let h(w) = -6*w**2 + 68*w - 27. Give h(11).
-5
Let j(g) = g**3 + 14*g**2 + 6*g + 15. Determine j(-14).
-69
Let s(r) = r**3 - 8*r**2 - 4*r + 83. Calculate s(7).
6
Let n(u) = 15*u**2 - u - 1. Give n(-1).
15
Let r(w) = -w**2 + 19*w - 13. What is r(19)?
-13
Let v(o) = -18*o**3 + 2*o**2 - 1. Give v(-1).
19
Let t(q) = -6*q**2 - 6*q - 3. Calculate t(-3).
-39
Let v(p) = 2*p - 15. What is v(8)?
1
Let f(x) = -12*x**2 + 2*x - 1. What is f(1)?
-11
Let m(a) = a - 10. Determine m(6).
-4
Let k(q) = q**2 + 36*q + 318. What is k(-21)?
3
Let x(w) = -2*w**2 + 14*w - 20. Determine x(6).
-8
Let i(p) = 3*p - 6. Give i(-3).
-15
Let a(z) = z**3 - 41*z**2 + 81*z - 123. Calculate a(39).
-6
Let q(f) = 2*f**2 + 22*f + 12. Determine q(-10).
-8
Let q(x) = -36*x - 256. What is q(-7)?
-4
Let x(t) = -t**2 + 9*t + 6. Determine x(10).
-4
Let f(c) = 2*c**2 + 2*c + 1. 